+ 6. Let r be p(j). Let q(o) = 5*o + 8. What is the units digit of q(r)?
3
Let f(p) = -7*p**2 + 88*p - 38. Let b be f(12). Suppose -5209 - 5611 = -b*k. What is the hundreds digit of k?
0
Suppose 0 = 7*o - 3*o - 60. Suppose 0 = 5*l + o + 25. Let d(b) = b + 23. What is the units digit of d(l)?
5
Let r = 6313 + 16321. What is the thousands digit of r?
2
Let d = 38553 - 26350. What is the tens digit of d?
0
Suppose 238*n = 236*n + 738. Let x = n - -120. What is the hundreds digit of x?
4
Let i = 307 + -307. Suppose i = -29*l - 5*l + 21930. What is the hundreds digit of l?
6
What is the units digit of (2 - -1 - 1001/(-14))/(47/10246)?
1
Let m = -1 + 1. Let v = 2484 + -2481. Suppose m*t - 144 = -v*t. What is the units digit of t?
8
Let y(i) = 3*i**2 - 22*i + 54. Let l be y(12). Suppose 5*h - 5*n = 880, -5*h + l = 3*n - 674. What is the units digit of h?
8
Let x = 898 + -493. Let o = 594 - x. What is the tens digit of o?
8
Let h(i) = -300*i - 413. What is the units digit of h(-30)?
7
What is the thousands digit of -15 + (16 - 12) + 2507?
2
Suppose 9*z + 82380 = 26*z + 13*z. What is the units digit of z?
6
Let n = 3250 + 3364. What is the hundreds digit of n?
6
Suppose -3*u + u + 3*n = -181, -u - 4*n = -96. Let i = 708 + -763. Let d = i + u. What is the tens digit of d?
3
Let f = 58307 + -11207. What is the thousands digit of f?
7
Suppose 2*q = 3*q + 5. Let j = 1083 - 1093. What is the hundreds digit of j/(-50) + (-839)/q?
1
Let j = 300 - 55. Let v = 457 - j. What is the tens digit of v?
1
Suppose -5*o - c + 124260 = 0, -24863 = -o + 31*c - 29*c. What is the hundreds digit of o?
8
Let x(c) = 129*c**2 + 57*c + 296. What is the tens digit of x(-5)?
3
Suppose 75532 = 13*h + 13297 - 12333. What is the thousands digit of h?
5
Suppose 0 = z - 67 - 146. Suppose 2949 + z = 6*p. What is the hundreds digit of p?
5
Suppose 40*l - 163343 = -5*j + 38*l, l = -1. What is the ten thousands digit of j?
3
Let c(z) be the third derivative of -z**4/4 + 35*z**3/3 + 10*z**2 - z. What is the hundreds digit of c(-14)?
1
Suppose 779*q + 2*z + 169302 = 781*q, 3*q - z - 253963 = 0. What is the ten thousands digit of q?
8
Let y = 20 + -15. Suppose y*p + 3494 + 450 = 4*l, 3*l - 2958 = -3*p. What is the tens digit of l?
8
Suppose -4*f - 3*i = -107, 0 = 4*f - 53*i + 52*i - 119. Suppose -3*d + 111 = -78. Let c = d - f. What is the units digit of c?
4
Let d = 25410 - 10641. What is the hundreds digit of d?
7
Let a be 7/((-56)/(-48))*(-137)/(-2). Suppose o + 0*o = a. What is the hundreds digit of o?
4
Let m(h) = 301*h**2 - 69*h + 219. What is the thousands digit of m(4)?
4
Let u(v) = -v**2 - 19*v + 20. Suppose -143 = 9*p + 289. Let l = p + 34. What is the tens digit of u(l)?
9
Suppose -5*l = 3*m - 21351, 65*m = 62*m - 3*l + 21339. What is the hundreds digit of m?
1
Suppose -383*x = -4455847 - 183049. What is the ten thousands digit of x?
1
Suppose c - 2*d = -66, -3*c + 4*d - 256 = c. Let p = 62 + c. Suppose -3*l + p*l = -w - 695, 2*w - 2 = 0. What is the tens digit of l?
3
Let x be -1 + (-13)/((-52)/(-36)). What is the units digit of (2/x)/((-40)/14200)?
1
Let j(m) = -6*m**2 + 27*m - 24. Let d be j(5). What is the hundreds digit of 1586/d*(1 + -10)?
3
Let p(t) = -t**2 + 2*t + 18. Let k be p(5). Suppose 2*g - k*g + 5*l = -365, 0 = -2*g + 4*l + 724. What is the units digit of g?
0
Let v(r) = 9*r**3 + 7*r**2 - 31*r + 142. What is the hundreds digit of v(10)?
5
Let o = -135 + 138. Suppose -473 = -3*v + 2*s - 7*s, o*v = -s + 469. What is the units digit of v?
6
Let a be 2/7*3*(-42)/(-12). Suppose -1184 = -a*h - 2*w, 6*h - 398 = 5*h - 4*w. What is the units digit of h?
4
Suppose -142*u + 124883 = -212876 - 67509. What is the units digit of u?
4
Let s = -7874 - -49006. What is the tens digit of s?
3
Let s be (-1*31)/(85/(-20) - -4). Suppose 126*c + 8 = s*c. What is the tens digit of (c - (5 - 3))*(-42)/2?
2
Suppose 0 = 3*b + 31 - 49. Suppose -f - b = -3*f, -59 = i + f. Let x = -59 - i. What is the units digit of x?
3
Let p = 61417 + -43358. What is the ten thousands digit of p?
1
Let i(w) = -7*w - 101. Let d be i(-15). Suppose 0 = b - 3*s - 416, 4*b + d*s + 2036 = 9*b. What is the hundreds digit of b?
4
Let j be (-2)/(-5) - (314/10 + -1). Let f be (-1)/1*(-6)/(j/(-55)). Let p(k) = k**3 - 10*k**2 - k - 4. What is the units digit of p(f)?
6
Let d be (3/(-6))/(1/(-744 - 0)). Suppose -2*x + r + 174 = -r, 5*r = 3*x - 261. Suppose 0 = -5*m + d - x. What is the units digit of m?
7
Suppose 3*p = -3*g + g + 32, p = -2*g + 32. Let x = 12 - g. What is the units digit of (592/(-32))/(2/x)?
7
Suppose 0 = -3*g - 2*u + 7678, -3*g - 5*u = -7*g + 10245. Suppose 0 = -2*b + 5*a + 1290, 4*b - g = 6*a - a. What is the units digit of b?
5
Let l = -532 - -1362. Suppose 0*f + l = 5*f. What is the units digit of (f*(-3)/(-6))/1 - 1?
2
Let a = -7612 + 15905. What is the hundreds digit of a?
2
Let f = 2431 - 1360. What is the hundreds digit of f?
0
Suppose 0 = 6*o - 93 + 69. Suppose 0*y = -5*s - o*y + 1378, -4*s - 3*y + 1102 = 0. What is the units digit of s?
4
Let d(x) = 6*x**2 + 15*x - 97. Let c(s) = -2*s**2 - 6*s + 32. Let l(b) = 11*c(b) + 4*d(b). What is the units digit of l(12)?
0
Suppose 0 = 42*t - 848161 + 12781. What is the tens digit of t?
9
Suppose 17090 = 5*n - m - 9808, 4*m = 3*n - 16149. What is the tens digit of n?
7
Let q(z) = 3*z**3 + 4*z**2 - 10*z + 1. Let b(l) = -3*l**3 - 3*l**2 + 12*l - 2. Let c(a) = -5*b(a) - 6*q(a). What is the units digit of c(-6)?
8
Let k(c) = -20*c - 46. Let f = 97 - 126. What is the tens digit of k(f)?
3
Let x be (4 + (-1 - 97))/(-2). Let m = x + -29. Let o = 61 + m. What is the tens digit of o?
7
Suppose -2*q + 3*z + 10 = -2, -3*q + 3*z = -21. Let m(h) = 16*h**2 - 2*h - 64. What is the hundreds digit of m(q)?
2
Suppose -6*k + 113 = -115. Suppose -39*m + k*m = -689. What is the tens digit of m?
8
Let n = 31688 + -8035. What is the tens digit of n?
5
Let i(b) = 7*b + 256. Let w be i(-31). Suppose 0 = l + w - 327. What is the hundreds digit of l?
2
What is the thousands digit of 1228 + -1 + ((-2)/6)/((-9)/(-108))?
1
Let y(p) = 2204*p**2 + 14*p - 60. What is the tens digit of y(4)?
6
Let k be 15/(-4)*120/45*19. Let b = k + 307. What is the tens digit of b?
1
Let t(z) = z**3 + 17*z**2 + z - 39. Suppose -3*y = -8*y + 5, -5*n - y - 9 = 0. Let o(c) = 11*c + 6. Let s be o(n). What is the hundreds digit of t(s)?
2
Let t(v) = 6*v - 26. Let h(s) = 12*s - 51. Let u(l) = -3*h(l) + 5*t(l). Let f(w) = 7*w - 23. Let g(o) = 2*f(o) + 3*u(o). What is the tens digit of g(-7)?
5
Let j be 306/85 + 3/(15/2). Suppose 12960 = 16*x + j*x. What is the tens digit of x?
4
Suppose -6*x + 2785 = -7007. Let v = x - 797. What is the units digit of v?
5
Let h = -61 + 81. Let g be 171/38*h/(-6). Let a = g - -105. What is the units digit of a?
0
What is the ten thousands digit of (47836/(-6))/(65*1/15 + -5)?
1
Let n = -6 + -30. Let t be ((-4848)/n)/(0 + (-4)/(-6)). Suppose -2*v + 2*u + t = 0, 4*u - 25 = -v + 81. What is the units digit of v?
2
What is the hundreds digit of 4/14*(-4336535)/(-230)?
3
Let u be 587/1*(-20 - -21). Let a = 2677 - u. What is the units digit of a?
0
Suppose 90754 = 45*n - 89381. Let x = n + -2509. What is the units digit of x?
4
Suppose t + 0*t = -70. Let v = 663 - 554. Let k = t + v. What is the tens digit of k?
3
Let t(h) = 5*h**2 + 14*h + 13. Suppose -5*o - 10 = 0, -4*o = -12*s + 17*s + 48. What is the units digit of t(s)?
1
Let n be 5229/7 + -6 + 3. Suppose 3*l + 2*l - 3748 = -3*b, -l + 5*b + n = 0. What is the tens digit of l?
4
Suppose 3*y = y + 8. Suppose 3*b = -2*m - y, -m - 10 = 5*b + 3*m. Suppose b*g - 58 = 90. What is the tens digit of g?
7
Let z(x) = -2*x + 11. Let w be z(8). What is the units digit of 118/10 + -5 - w/25?
7
Let t = 13 + -14. Let u be -57*(-12)/18 + (1 - t). Suppose -c = c - u. What is the units digit of c?
0
Let v be (-98)/(-1)*(299 - (-27)/9). Suppose v = -f + 29*f. What is the tens digit of f?
5
Let k = -65 + 88. Suppose 4*r + 5*w = 2*w + k, -15 = 5*w. Suppose 5*c = r*c - 213. What is the tens digit of c?
7
Suppose 2115 = -4*j + 4*l - 1973, -4*j - 4082 = 2*l. Let d = j - -2303. What is the tens digit of d?
8
Suppose -7*h = -10*h + 7*u + 29527, -h + 9851 = 2*u. What is the tens digit of h?
4
Suppose 2*u - 228 = 4*d, 0 = -5*u - d + 3*d + 554. What is th